{"id":144,"date":"2019-07-31T17:58:47","date_gmt":"2019-07-31T17:58:47","guid":{"rendered":"http:\/\/energaspys.com\/?page_id=144"},"modified":"2019-07-31T17:58:47","modified_gmt":"2019-07-31T17:58:47","slug":"nuestras-certificaciones","status":"publish","type":"page","link":"https:\/\/energaspys.com\/?page_id=144","title":{"rendered":"Nuestras Certificaciones"},"content":{"rendered":"\n<div class=\"wp-block-image\"><figure class=\"alignright is-resized\"><img loading=\"lazy\" src=\"http:\/\/energaspys.com\/wp-content\/uploads\/2019\/07\/garantia-energas.jpg\" alt=\"\" class=\"wp-image-145\" width=\"194\" height=\"218\" srcset=\"https:\/\/energaspys.com\/wp-content\/uploads\/2019\/07\/garantia-energas.jpg 639w, https:\/\/energaspys.com\/wp-content\/uploads\/2019\/07\/garantia-energas-266x300.jpg 266w\" sizes=\"(max-width: 194px) 100vw, 194px\" \/><\/figure><\/div>\n\n\n\n<ul><li>ISO-9001-2008 e ISO-1801-2007<\/li><br>\n<li>Estampado ASME &#8220;U&#8221; y &#8220;S&#8221;  para la fabricaci\u00f3n de recipientes sujetos a presi\u00f3n y calderas<\/li><br>\n<li>Certificado por la NBBI con el s\u00edmbolo &#8220;R&#8221; para reparaciones y\/o alteraciones de recipientes sujetos a presi\u00f3n y calderas<\/li><li>API-510 Inspecci\u00f3n de recipientes<\/li><br>\n<li>API-570 Inspecci\u00f3n de l\u00edneas<\/li>\n<li>API-580 Mecanismos de falla<\/li>\n<li>API-650 Tanques de almacenamiento<\/li>\n<li>API-653 Inspecci\u00f3n de tanques<\/li><br>\n<li>Personal con certificaci\u00f3n AWS y\/o CWI<\/li><\/ul>\n","protected":false},"excerpt":{"rendered":"<p>ISO-9001-2008 e ISO-1801-2007 Estampado ASME &#8220;U&#8221; y &#8220;S&#8221; para la fabricaci\u00f3n de recipientes sujetos a presi\u00f3n y calderas Certificado por la NBBI con el s\u00edmbolo &#8220;R&#8221; para reparaciones y\/o alteraciones de recipientes sujetos a presi\u00f3n y calderas API-510 Inspecci\u00f3n de recipientes API-570 Inspecci\u00f3n de l\u00edneas API-580 Mecanismos de falla API-650 Tanques de almacenamiento API-653 Inspecci\u00f3n &hellip; <a href=\"https:\/\/energaspys.com\/?page_id=144\" class=\"more-link\">Continue reading <span class=\"screen-reader-text\">Nuestras Certificaciones<\/span><\/a><\/p>\n","protected":false},"author":1,"featured_media":0,"parent":0,"menu_order":0,"comment_status":"closed","ping_status":"closed","template":"","meta":[],"_links":{"self":[{"href":"https:\/\/energaspys.com\/index.php?rest_route=\/wp\/v2\/pages\/144"}],"collection":[{"href":"https:\/\/energaspys.com\/index.php?rest_route=\/wp\/v2\/pages"}],"about":[{"href":"https:\/\/energaspys.com\/index.php?rest_route=\/wp\/v2\/types\/page"}],"author":[{"embeddable":true,"href":"https:\/\/energaspys.com\/index.php?rest_route=\/wp\/v2\/users\/1"}],"replies":[{"embeddable":true,"href":"https:\/\/energaspys.com\/index.php?rest_route=%2Fwp%2Fv2%2Fcomments&post=144"}],"version-history":[{"count":2,"href":"https:\/\/energaspys.com\/index.php?rest_route=\/wp\/v2\/pages\/144\/revisions"}],"predecessor-version":[{"id":147,"href":"https:\/\/energaspys.com\/index.php?rest_route=\/wp\/v2\/pages\/144\/revisions\/147"}],"wp:attachment":[{"href":"https:\/\/energaspys.com\/index.php?rest_route=%2Fwp%2Fv2%2Fmedia&parent=144"}],"curies":[{"name":"wp","href":"https:\/\/api.w.org\/{rel}","templated":true}]}}